 y be 10/260*4 - (-178)/26. Calculate l(y).
20
Suppose -w + 53 = -2*w. Let h(x) = -24*x + 194. Let b be h(6). Let l = b + w. Let k(v) = v + 1. Determine k(l).
-2
Let h = -3 + 8. Suppose 2*v = 2*t + 20, -3*v - 4*t + h = 2*v. Let i(b) = 2*b**2 + 5 + v*b**2 - 8*b**2 - 4*b. What is i(-6)?
-7
Let b(q) = q**2 + 6*q - 217. Let j(l) = -213*l - 5313. Let k be j(-25). Determine b(k).
-1
Let a(b) = -30*b - 209. Let d(r) = 86*r + 625. Let p(l) = 17*a(l) + 6*d(l). What is p(-33)?
-1
Let i(u) = u**2 + 28*u - 22. Suppose 16*f + 195 + 269 = 0. What is i(f)?
7
Let s(n) be the first derivative of -11*n**3/3 - 7*n**2/2 + 5*n + 9158. Determine s(1).
-13
Let z(k) = -8*k + k**2 + 3 + 5 - 11 + 7 + 3. Let o(n) = n**2 + 2*n + 6. Let w be o(-4). Suppose 3*l - 30 = 5*r, 3*r = -4*l + r + w. Determine z(l).
-8
Let s(t) = t - 1. Let m(q) = -q**2 - 3*q + 74. Let n be ((-4)/(-10))/(24/120) - 12. Let y be m(n). Calculate s(y).
3
Let x(p) = -11*p**2 - 248 + 84 + p**3 + 12*p + 77 + 80. What is x(10)?
13
Let h(s) = -9*s. Let v be (3/15)/(5/25). Suppose -2*j - 16 = 4*q - 46, -4*q - 3*j + 29 = 0. Suppose 0 = n - v + 4, 5*l - q = n. Calculate h(l).
-9
Let z be (-46 - 4)/(0 + 6 + -8 + 0). Let u(t) be the first derivative of z - 1/2*t**2 + 3*t. What is u(5)?
-2
Let a(t) = 5*t**2 - 11 + 16 - 13 - 13*t**2. Let v(b) = -7*b**2 - 7. Let p(h) = 5*a(h) - 6*v(h). Let l = -9 - -11. Determine p(l).
10
Suppose 19189 - 18649 = -27*i. Let d(g) = 4*g + 66. What is d(i)?
-14
Let f(p) = -p**2 + 3*p + 9. Let u = 13160 - 13154. Give f(u).
-9
Let g(q) = 2*q + 1. Let f(b) = 3*b**2 + 3*b - 52. Let c be f(-5). Let o be (c/(-10))/(-6 - 448/(-70)). Calculate g(o).
-3
Let z(m) = 11*m + m + 2847 + 2*m**2 - 2818 + 0*m. Give z(-6).
29
Let k(a) = -32*a + 1232. Let m be k(38). Let z(h) = -h**3 + 17*h**2 - 16*h - 21. What is z(m)?
-21
Suppose -3*m = m - 12. Let a(g) = g**3 - g + 21. Let r(t) = -5*t**3 + t**2 + 2*t - 86. Let l(d) = -4*a(d) - r(d). What is l(m)?
26
Let t(v) = 2*v + 2. Suppose 87 - 7 = -20*n. Let h be t(n). Let m(p) = p**2 + 5*p + 5. Determine m(h).
11
Suppose 31*h - 65*h = -39*h - 75. Let y(t) = 2*t + 19. What is y(h)?
-11
Let a(c) = -4*c**3 - c**2 + 6*c - 4. Let g be a(1). Let x(f) = -f**3 - f**2 - 5*f. Calculate x(g).
33
Let x be (19/(-57))/(2/(-78)). Suppose -10*b + 27 = -x*b. Let j(d) = d - 2. Calculate j(b).
-11
Let k = -144 + 148. Let j(p) = -p**2 + 8 - 3 - k - 4*p. Give j(-6).
-11
Let f(v) = v**2 + 19*v + 20. Suppose -j - j - 37 = y, 42 = -3*j + 3*y. Give f(j).
-14
Suppose 47*t + 22*t = -30*t - 297. Let o(h) = -h**2 - h + 8. Give o(t).
2
Suppose -617*b + 6448 = -369*b. Let j(d) = 3*d**2 - 82*d + 109. What is j(b)?
5
Let x(p) = -p**3 - 4*p**2 + 7*p + 7. Let k(b) be the first derivative of 15*b**2/2 + 25*b - 6. Let y be k(-2). Calculate x(y).
-3
Let x(l) = 4*l + 5. Let v(d) = -3 - 20*d - 2*d**2 - 24 + 2 + d**2. Let o be v(-19). Calculate x(o).
-19
Let q(z) = -40*z**2 + 33*z - 17. Let f(d) = -53*d**2 + 34*d - 18. Let x(n) = 3*f(n) - 4*q(n). Determine x(29).
-15
Let i(w) be the third derivative of w**4/2 + 239*w**3/3 - 5747*w**2. What is i(-40)?
-2
Let z be -21*11/77*10/(-5). Let d(o) = -3*o**2 + 24*o - 30. Calculate d(z).
6
Suppose -72*w + 146 = 578. Let t(v) = 2*v**3 + 12*v**2 + 11*v + 20. What is t(w)?
-46
Let d(v) = -4*v + 5. Let z(q) be the second derivative of 5*q**3/2 - 9*q**2 + 41*q. Let t(a) = 18*d(a) + 5*z(a). Determine t(5).
15
Let c(n) = -n**3 - 10*n**2 - 13*n + 4. Let o(r) = r**3 + 8*r**2 - 47*r - 350. Let p be o(-9). Calculate c(p).
-20
Let b(x) = -x - 1. Let c = 86 - -20. Suppose c + 82 = 2*f + 3*u, 5*f = -u + 457. Let r = f + -97. Determine b(r).
5
Let k(d) = d**2 + 9*d + 7. Let o = 918 - 915. Suppose m = 3*x - 3, -o*m - x = -m + 13. Give k(m).
-11
Let x(c) be the third derivative of -c**5/60 + c**4/24 - c**3/6 - 402*c**2 + 1. Suppose 2*z = 3*i - 3, -i - 5 - 1 = -3*z. Give x(i).
-7
Let s(l) = 6*l - 3. Let i be s(5). Suppose 2*d + h - 10 = 0, 0 = -4*d + 5*d - 5*h - i. Let u(r) = -r**2 + 4*r + 6. What is u(d)?
-15
Let a(l) = -l**3 + 6*l**2 + 6*l - 3. Let f = 26028 - 26021. Calculate a(f).
-10
Let m(s) = 28*s**3 - s**2 + 7*s - 3. Let y(f) = -f**3 + f**2 - 2*f + 1. Let o be -3*(-2)/(-6) - (0 + -4). Let u(v) = o*y(v) + m(v). Calculate u(-1).
-24
Let v(i) = i**2 + 9*i + 1. Suppose 0 = 21*q - 19*q + 90. Let c = q + 38. Calculate v(c).
-13
Let f(l) = -112 - 2*l + 102 + 3*l. Let k be f(12). Let p(b) = 3*b**k - 9 - 4*b**2 + 0*b - 6*b - 5*b. What is p(-10)?
1
Let j(w) = -w**3 + 6*w**2 + w + 2. Let o(t) = -62*t - 3218. Let r be o(-52). Determine j(r).
8
Let v(l) = 3*l + 0*l**2 + l**2 + 3 - 2*l**2. Suppose -3*s - 208 + 250 = 5*f, 2*s + 10 = 3*f. Give v(s).
-1
Let w be (1/1)/(2/4). Let n(y) = 4 + w*y**2 - y**2 - 4*y + 3*y**2 - y**3. Let z = 14521 - 14518. Determine n(z).
1
Let h(x) = x**3 - 9*x**2 + 25*x - 17. Let i be h(11). Let q(a) = -i*a + 504*a - a**3 - 6 - 1 - 3*a**2 + 0*a**2. Calculate q(-5).
23
Suppose -322*r = -317*r - 5*t - 50, 0 = 4*t + 8. Let d(l) = -l**3 + 9*l**2 - 8*l. Determine d(r).
0
Let m(s) = -s**2 - s + 151. Suppose 0 = -u + 2*x + 17, -9 = -260*x + 263*x. What is m(u)?
19
Let z(f) be the second derivative of f**5/20 - 13*f**4/12 + f**2 + 12*f + 2. Let t be z(13). Let q(x) = 4*x**2 - 4*x + 3. What is q(t)?
11
Let c(h) be the first derivative of -h**2 + 2 + 4/3*h**3 - h + 1/4*h**4. Suppose -66 + 338 = -68*y. What is c(y)?
7
Let p(d) = -3*d**2 + 110. Let z be p(0). Let n = z + -109. Let t(w) = -20*w. What is t(n)?
-20
Let m be 2*(-2)/(-4)*8. Let a(j) be the third derivative of 0*j + j**3 + 142*j**2 - 1/24*j**4 + 0. Determine a(m).
-2
Let l be (96/(-4))/(-4) - -1. Let t be (4 - (-84)/(-20)) + 63/15. Suppose 2*j + t = w, -w + 0*w = j - l. Let k(z) = -2*z + 1. Determine k(w).
-11
Let f(v) = 47*v**2 - 23*v + 1. Let n(s) = -39*s**2 + 22*s - 1. Let r(y) = -5*f(y) - 6*n(y). What is r(-20)?
-59
Suppose -7*r + 2*r = 35. Let q be 4/r - (-288)/14. Suppose 20*a = 15*a + q. Let i(p) = 2*p - 5. Give i(a).
3
Let d(z) = z**3 + 4*z**2 + z - 4. Let r be d(-3). Let v be 5 + -1 + (r - 1). Let u(x) = -5*x - 1418*x**2 - 1421*x**2 + 2840*x**2. Calculate u(v).
0
Let l(v) = -v**3 + 23596*v + 5 - 11801*v + 7*v**2 - 11803*v + 4*v**2. What is l(10)?
25
Let a(h) = -h**3 + 9*h**2 + h - 12. Suppose -3*d - 138 = -156. Suppose -d*c = -12*c + 12. Suppose -2*j + 2*m + 36 = c*j, -j = m - 9. Give a(j).
-3
Let h(p) = p**3 - p**2 - 2*p - 2. Let f(w) = 3*w**3 - 36*w**2 + 43*w - 112. Let j be f(11). What is h(j)?
-10
Let f(z) = 89*z - 24*z**2 - 838 + 416 - 38*z + 419 - z**3. Determine f(-26).
23
Let x be 0/((-3)/((-6)/4)). Let o(z) = -z**3 + 9*z**2 + 9*z - 24. Let w be o(5). Let y(k) = 3*k**2 + 0*k**2 + w*k - 120*k + k**3 - 2*k**2. Calculate y(x).
0
Let z = -70 + 88. Suppose -2*b - 3 + 9 = 0, -z = -3*v - b. Let y(j) = j - 3. Determine y(v).
2
Suppose 61 = 2*y + 57. Let w(s) = 2 + 2373*s**y + 2*s - 2377*s**2 - 3. Determine w(1).
-3
Let w be (-39)/(-6)*(4 - 2). Let x(n) = -2*n + 28. Let c be x(w). Let q(z) = -3 - 3*z**2 + 0*z**c + 4*z**2 + 2 - 4*z. What is q(4)?
-1
Let k(n) = -n**2 - 19*n + 97. Let c = -5064 + 5041. Calculate k(c).
5
Let o be 0 - -1 - 8*6/(-12). Suppose -328 = -4*w + o*f - f, 5*f - 230 = -3*w. Let l = w - 87. Let x(d) = d**2 + 7*d - 4. Calculate x(l).
-4
Let b(z) = -z - 1. Let w(n) = n**2 + 15*n - 6. Let i(g) = -5*b(g) - w(g). Let f = 39750 + -39758. Give i(f).
27
Suppose 0*j = 5*j + 110. Let y = 23 + j. Let t be (y/(-2)*0)/1. Let r(i) = i - 5. Determine r(t).
-5
Let a be (-35 - 0)/5*104/(-364). Let r(g) be the first derivative of 9/2*g**a + 29 + g. What is r(-1)?
-8
Let t(j) be the second derivative of 0*j**3 + 2*j + 0*j**2 + 165 + 11/12*j**4. Determine t(-1).
11
Let r(z) = z**2 + 2*z - 51. Suppose -42 = -3*y - 63, 0 = -2*w + 5*y + 53. Calculate r(w).
48
Let d(i) = -i**2 + i + 3. Let j(a) = -3*a - 4 - 1 + 6 - 7 + 2*a**2. Suppose 74 = -15*q - 1. Let g(y) = q*d(y) - 3*j(y). Determine g(5).
-2
Let u(j) = -j**3 - 3*j**2 + 14*j + 7. Let x(w) = -3*w**2 + 3. Let h be x(0). Determine u(h).
-5
Let f(t) = 53*t - 2. Let c be (-1)/(8 - ((-1 - -17) + -9)). Determine f(c).
-55
Let h = -35 - -37. Suppose -3*b = 3*s, 4*s - h*b - 2*b = 24. Suppose -2*v = -6*v + s*a + 26, 2*v - 2*a - 12 = 0. Let n(t) = t**2 - 9*t + 6. Give n(v).
-2
Let s(c) = c**3 - 17*c**2 + 29*c + 14. Let d be ((-132)/(-10))/(15/((-1575)/(-14))).